{"id":56,"date":"2023-02-11T16:42:54","date_gmt":"2023-02-11T19:42:54","guid":{"rendered":"https:\/\/hart.com.br\/?page_id=56"},"modified":"2023-03-22T20:36:32","modified_gmt":"2023-03-22T23:36:32","slug":"home","status":"publish","type":"page","link":"http:\/\/hart.com.br\/","title":{"rendered":"Loca\u00e7\u00e3o de Autom\u00f3veis Executivos"},"content":{"rendered":"<p>Hart Log\u00edstica \u00e9 uma empresa especializada em loca\u00e7\u00e3o e log\u00edstica de transporte executivo e assessoria de eventos.<\/p>\n<p>Al\u00e9m dos autom\u00f3veis executivos, dentre blindados, especiais e outros, disponibilizamos motoristas com ampla experi\u00eancia, bil\u00edngues, quando solicitado, int\u00e9rpretes, acompanhantes executivos e seguran\u00e7as.<\/p>\n<style>\/*! elementor - v3.10.2 - 29-01-2023 *\/\n.elementor-widget-image{text-align:center}.elementor-widget-image a{display:inline-block}.elementor-widget-image a img[src$=\".svg\"]{width:48px}.elementor-widget-image img{vertical-align:middle;display:inline-block}<\/style>\n<p>\t\t\t\t\t\t\t\t\t\t\t\t<img decoding=\"async\" width=\"1024\" height=\"436\" src=\"http:\/\/hart.com.br\/wp-content\/uploads\/2023\/03\/bmw-x3_2.png\" alt=\"\" loading=\"lazy\" srcset=\"https:\/\/hart.com.br\/wp-content\/uploads\/2023\/03\/bmw-x3_2.png 1024w, https:\/\/hart.com.br\/wp-content\/uploads\/2023\/03\/bmw-x3_2-300x128.png 300w, https:\/\/hart.com.br\/wp-content\/uploads\/2023\/03\/bmw-x3_2-768x327.png 768w\" sizes=\"auto, (max-width: 1024px) 100vw, 1024px\" \/>\t\t\t\t\t\t\t\t\t\t\t\t\t\t\t<\/p>\n<style>\/*! elementor - v3.10.2 - 29-01-2023 *\/\n.elementor-counter .elementor-counter-number-wrapper{display:flex;font-size:69px;font-weight:600;line-height:1}.elementor-counter .elementor-counter-number-prefix,.elementor-counter .elementor-counter-number-suffix{flex-grow:1;white-space:pre-wrap}.elementor-counter .elementor-counter-number-prefix{text-align:right}.elementor-counter .elementor-counter-number-suffix{text-align:left}.elementor-counter .elementor-counter-title{text-align:center;font-size:19px;font-weight:400;line-height:2.5}<\/style>\n<p>\t\t\t\t0<br \/>\n\t\t\t\t\t\t\tAnos de experi\u00eancia<\/p>\n<h2>Contato<\/h2>\n<p><b>E-mail:<\/b> hart@hart.com.br<\/p>\n<p><b>Telefone\/WhatsApp:<\/b> +55 (11) 97675-7383<\/p>\n<p>\u00a0<\/p>\n<h1 align=\"center\">\u00a0Nossos Autom\u00f3veis<\/h1>\n<figure>\n\t\t\t\t\t\t\t\t\t\t<img decoding=\"async\" width=\"1024\" height=\"447\" src=\"http:\/\/hart.com.br\/wp-content\/uploads\/2023\/03\/jeepcommander3.png\" alt=\"\" loading=\"lazy\" srcset=\"https:\/\/hart.com.br\/wp-content\/uploads\/2023\/03\/jeepcommander3.png 1024w, https:\/\/hart.com.br\/wp-content\/uploads\/2023\/03\/jeepcommander3-300x131.png 300w, https:\/\/hart.com.br\/wp-content\/uploads\/2023\/03\/jeepcommander3-768x335.png 768w\" sizes=\"auto, (max-width: 1024px) 100vw, 1024px\" \/><figcaption>Jeep Commander<\/figcaption><\/figure>\n<figure>\n\t\t\t\t\t\t\t\t\t\t<img decoding=\"async\" width=\"1024\" height=\"436\" src=\"http:\/\/hart.com.br\/wp-content\/uploads\/2023\/03\/bmw-x3_2.png\" alt=\"\" loading=\"lazy\" srcset=\"https:\/\/hart.com.br\/wp-content\/uploads\/2023\/03\/bmw-x3_2.png 1024w, https:\/\/hart.com.br\/wp-content\/uploads\/2023\/03\/bmw-x3_2-300x128.png 300w, https:\/\/hart.com.br\/wp-content\/uploads\/2023\/03\/bmw-x3_2-768x327.png 768w\" sizes=\"auto, (max-width: 1024px) 100vw, 1024px\" \/><figcaption>BMW X3<\/figcaption><\/figure>\n","protected":false},"excerpt":{"rendered":"<p>Hart Log\u00edstica \u00e9 uma empresa especializada em loca\u00e7\u00e3o e log\u00edstica de transporte executivo e assessoria de eventos. Al\u00e9m dos autom\u00f3veis executivos, dentre blindados, especiais e outros, disponibilizamos motoristas com ampla experi\u00eancia, bil\u00edngues, quando solicitado, int\u00e9rpretes, acompanhantes executivos e seguran\u00e7as. 0 Anos de experi\u00eancia Contato E-mail: hart@hart.com.br Telefone\/WhatsApp: +55 (11) 97675-7383 \u00a0 \u00a0Nossos Autom\u00f3veis Jeep Commander [&hellip;]<\/p>\n","protected":false},"author":1,"featured_media":0,"parent":0,"menu_order":0,"comment_status":"closed","ping_status":"closed","template":"","meta":{"footnotes":""},"class_list":["post-56","page","type-page","status-publish","hentry","entry"],"_links":{"self":[{"href":"http:\/\/hart.com.br\/index.php?rest_route=\/wp\/v2\/pages\/56","targetHints":{"allow":["GET"]}}],"collection":[{"href":"http:\/\/hart.com.br\/index.php?rest_route=\/wp\/v2\/pages"}],"about":[{"href":"http:\/\/hart.com.br\/index.php?rest_route=\/wp\/v2\/types\/page"}],"author":[{"embeddable":true,"href":"http:\/\/hart.com.br\/index.php?rest_route=\/wp\/v2\/users\/1"}],"replies":[{"embeddable":true,"href":"http:\/\/hart.com.br\/index.php?rest_route=%2Fwp%2Fv2%2Fcomments&post=56"}],"version-history":[{"count":137,"href":"http:\/\/hart.com.br\/index.php?rest_route=\/wp\/v2\/pages\/56\/revisions"}],"predecessor-version":[{"id":280,"href":"http:\/\/hart.com.br\/index.php?rest_route=\/wp\/v2\/pages\/56\/revisions\/280"}],"wp:attachment":[{"href":"http:\/\/hart.com.br\/index.php?rest_route=%2Fwp%2Fv2%2Fmedia&parent=56"}],"curies":[{"name":"wp","href":"https:\/\/api.w.org\/{rel}","templated":true}]}}